{"id":7145,"date":"2025-11-07T17:32:00","date_gmt":"2025-11-07T16:32:00","guid":{"rendered":"https:\/\/teselainnova.com\/proyecto\/caracterisation-determination-provenance-marbre-origine-archeologique\/"},"modified":"2026-03-31T10:44:53","modified_gmt":"2026-03-31T08:44:53","slug":"caracterisation-determination-provenance-marbre-origine-archeologique","status":"publish","type":"proyecto","link":"https:\/\/teselainnova.com\/fr\/proyecto\/caracterisation-determination-provenance-marbre-origine-archeologique\/","title":{"rendered":"CARACT\u00c9RISATION ET D\u00c9TERMINATION DE LA PROVENANCE DU MARBRE D&rsquo;ORIGINE ARCH\u00c9OLOGIQUE"},"content":{"rendered":"\n<p>Le village de <strong>La Peza<\/strong>, pr\u00e8s de <strong>Grenade<\/strong>, a toujours \u00e9t\u00e9 un <strong>point strat\u00e9gique<\/strong> sur la route reliant la c\u00f4te est de la p\u00e9ninsule \u00e0 la <strong>vall\u00e9e du Genil<\/strong> et \u00e0 la <strong>plaine fertile de Grenade<\/strong>. Cette situation g\u00e9ographique a favoris\u00e9 une implantation <strong>humaine pr\u00e9coce<\/strong> et un d\u00e9veloppement historique remarquable dans la r\u00e9gion. <\/p>\n\n<p>R\u00e9cemment, les fouilles men\u00e9es par le <strong>MEMOLab (Laboratoire d&rsquo;arch\u00e9ologie bioculturelle)<\/strong> dans la <strong>vall\u00e9e d&rsquo;Espique<\/strong>, sur le territoire de la commune de <strong>La Peza<\/strong>, ont permis de d\u00e9couvrir un <strong>fragment de croix patt\u00e9e<\/strong> sculpt\u00e9e dans du marbre blanc, de style <strong>byzantin<\/strong>. Cette d\u00e9couverte constitue un exemple significatif du patrimoine arch\u00e9ologique de la r\u00e9gion. <\/p>\n\n<p><strong>TESELA<\/strong> s&rsquo;est charg\u00e9e de <strong>l&rsquo;\u00e9tude et de la caract\u00e9risation du marbre arch\u00e9ologique<\/strong>, en r\u00e9alisant une <strong>analyse de sa composition, de sa morphologie et de sa texture<\/strong>. Les r\u00e9sultats fournissent des informations pr\u00e9cises sur la <strong>provenance du mat\u00e9riau<\/strong> et son contexte historique, contribuant ainsi \u00e0 la connaissance de l&rsquo;arch\u00e9ologie et des d\u00e9couvertes de <strong>La Peza.<\/strong> <\/p>\n\n<p><\/p>\n","protected":false},"featured_media":7144,"template":"","fecha-realizacion":[196],"tipo-proyecto":[51],"class_list":["post-7145","proyecto","type-proyecto","status-publish","has-post-thumbnail","hentry","fecha-realizacion-2025-fr","tipo-proyecto-patrimoine"],"acf":[],"_links":{"self":[{"href":"https:\/\/teselainnova.com\/fr\/wp-json\/wp\/v2\/proyecto\/7145","targetHints":{"allow":["GET"]}}],"collection":[{"href":"https:\/\/teselainnova.com\/fr\/wp-json\/wp\/v2\/proyecto"}],"about":[{"href":"https:\/\/teselainnova.com\/fr\/wp-json\/wp\/v2\/types\/proyecto"}],"wp:featuredmedia":[{"embeddable":true,"href":"https:\/\/teselainnova.com\/fr\/wp-json\/wp\/v2\/media\/7144"}],"wp:attachment":[{"href":"https:\/\/teselainnova.com\/fr\/wp-json\/wp\/v2\/media?parent=7145"}],"wp:term":[{"taxonomy":"fecha-realizacion","embeddable":true,"href":"https:\/\/teselainnova.com\/fr\/wp-json\/wp\/v2\/fecha-realizacion?post=7145"},{"taxonomy":"tipo-proyecto","embeddable":true,"href":"https:\/\/teselainnova.com\/fr\/wp-json\/wp\/v2\/tipo-proyecto?post=7145"}],"curies":[{"name":"wp","href":"https:\/\/api.w.org\/{rel}","templated":true}]}}

CARACTÉRISATION ET DÉTERMINATION DE LA PROVENANCE DU MARBRE D&rsquo;ORIGINE ARCHÉOLOGIQUE

<p>Le village de <strong>La Peza</strong>, près de <strong>Grenade</strong>, a toujours été un <strong>point stratégique</strong> sur la route reliant la côte est de la péninsule à la <strong>vallée du Genil</strong> et à la <strong>plaine fertile de Grenade</strong>. Cette situation géographique a favorisé une implantation <strong>humaine précoce</strong> et un développement historique remarquable dans la région. </p>

<p>Récemment, les fouilles menées par le <strong>MEMOLab (Laboratoire d&rsquo;archéologie bioculturelle)</strong> dans la <strong>vallée d&rsquo;Espique</strong>, sur le territoire de la commune de <strong>La Peza</strong>, ont permis de découvrir un <strong>fragment de croix pattée</strong> sculptée dans du marbre blanc, de style <strong>byzantin</strong>. Cette découverte constitue un exemple significatif du patrimoine archéologique de la région. </p>

<p><strong>TESELA</strong> s&rsquo;est chargée de <strong>l&rsquo;étude et de la caractérisation du marbre archéologique</strong>, en réalisant une <strong>analyse de sa composition, de sa morphologie et de sa texture</strong>. Les résultats fournissent des informations précises sur la <strong>provenance du matériau</strong> et son contexte historique, contribuant ainsi à la connaissance de l&rsquo;archéologie et des découvertes de <strong>La Peza.</strong> </p>

<p></p>
