{"id":6806,"date":"2025-05-31T18:08:31","date_gmt":"2025-05-31T16:08:31","guid":{"rendered":"https:\/\/teselainnova.com\/proyecto\/mortier-evaluation-restauration-facade-principale-ecole-orixe-zuloaga\/"},"modified":"2026-03-24T10:24:49","modified_gmt":"2026-03-24T09:24:49","slug":"evaluation-mortiers-restauration-facade-principale-ecole-primaire-orixe-zuloaga","status":"publish","type":"proyecto","link":"https:\/\/teselainnova.com\/fr\/proyecto\/evaluation-mortiers-restauration-facade-principale-ecole-primaire-orixe-zuloaga\/","title":{"rendered":"\u00c9VALUATION DES MORTIERS, DES TRAITEMENTS HYDROFUGEANTS ET DES BIOCIDES, ET \u00c9TUDE MICROBIOLOGIQUE EN VUE DE LA RESTAURATION DE LA FA\u00c7ADE PRINCIPALE DE L&rsquo;\u00c9COLE PRIMAIRE ORIXE ZULOAGA (SAN S\u00c9BASTIAN, PAYS BASQUE)"},"content":{"rendered":"\n<p>L&rsquo;Ikastola Orixe, situ\u00e9e dans le b\u00e2timent Zuloaga de la rue Aldamar \u00e0 Saint-S\u00e9bastien, constitue un exemple embl\u00e9matique d&rsquo;intervention architecturale dans un environnement patrimonial, alliant la pr\u00e9servation de la valeur historique \u00e0 l&rsquo;adaptation aux exigences fonctionnelles d&rsquo;un \u00e9tablissement scolaire contemporain. Ce b\u00e2timent, profond\u00e9ment ancr\u00e9 dans le tissu urbain de la Vieille Ville de Saint-S\u00e9bastien, a fait l&rsquo;objet de diverses interventions visant \u00e0 garantir sa conservation, sa s\u00e9curit\u00e9 et son efficacit\u00e9. <\/p>\n\n<h3 class=\"wp-block-heading\">\ud83d\udee0\ufe0f Informations g\u00e9n\u00e9rales<\/h3>\n\n<h4 class=\"wp-block-heading\">\ud83c\udfd7\ufe0f R\u00e9habilitation compl\u00e8te (2004-2007)<\/h4>\n\n<p>Entre 2004 et 2007, le b\u00e2timent a fait l&rsquo;objet d&rsquo;une importante r\u00e9novation compl\u00e8te dirig\u00e9e par l&rsquo;architecte Jos\u00e9 Mari Querejeta, dans le but de l&rsquo;adapter pour accueillir une haurreskola et des salles de classe destin\u00e9es aux enfants \u00e2g\u00e9s de 2 \u00e0 7 ans. Les travaux, qui ont respect\u00e9 les \u00e9l\u00e9ments architecturaux d&rsquo;origine, ont repr\u00e9sent\u00e9 un investissement de pr\u00e8s de 5 millions d&rsquo;euros, dont 800 000 euros ont \u00e9t\u00e9 sp\u00e9cifiquement consacr\u00e9s \u00e0 la restauration des fa\u00e7ades. <\/p>\n\n<h3 class=\"wp-block-heading\">\u267b\ufe0f Efficacit\u00e9 et am\u00e9lioration de l&rsquo;assainissement<\/h3>\n\n<h4 class=\"wp-block-heading\">\ud83e\uddf1 Performance dans le b\u00e2timent Urgull (2016)<\/h4>\n\n<p>Le b\u00e2timent d&rsquo;Urgull, qui fait \u00e9galement partie de l&rsquo;Ikastola Orixe, a \u00e9t\u00e9 r\u00e9nov\u00e9 en 2016 afin d&rsquo;am\u00e9liorer son isolation thermique, d&rsquo;\u00e9viter l&rsquo;humidit\u00e9 et d&rsquo;\u00e9liminer les \u00e9l\u00e9ments contenant de l&rsquo;amiante. Les travaux comprenaient la pose d&rsquo;une nouvelle fa\u00e7ade isolante, l&rsquo;imperm\u00e9abilisation des terrasses et des am\u00e9liorations de l&rsquo;enveloppe du b\u00e2timent, pour un budget d&rsquo;environ 417 000 euros, financ\u00e9 conjointement par la mairie de Saint-S\u00e9bastien et le gouvernement basque. <\/p>\n\n<h3 class=\"wp-block-heading\">\ud83e\uddf1 Restauration r\u00e9cente de la fa\u00e7ade<\/h3>\n\n<h4 class=\"wp-block-heading\">\ud83c\udfdb\ufe0f Intervention en 2024<\/h4>\n\n<p>En raison de la d\u00e9t\u00e9rioration progressive du gr\u00e8s de la fa\u00e7ade principale du b\u00e2timent Zuloaga, qui pr\u00e9sentait des risques de chute de pierres, une restauration d&rsquo;urgence a \u00e9t\u00e9 approuv\u00e9e en 2024. Le projet, \u00e9labor\u00e9 par Zetabi Arkitektura Bulegoa, pr\u00e9voit des interventions telles que : <\/p>\n\n<ul class=\"wp-block-list\">\n<li>Nettoyage de la pierre<\/li>\n\n\n\n<li>\u00c9limination de la colonisation biotique<\/li>\n\n\n\n<li>Remplacement des joints par du mortier de chaux hydraulique<\/li>\n\n\n\n<li>R\u00e9paration des corniches et des boiseries d&rsquo;origine<\/li>\n<\/ul>\n\n<p>Cette action, dot\u00e9e d&rsquo;un budget de 376 000 euros et d&rsquo;un d\u00e9lai de r\u00e9alisation de six mois, vise \u00e0 garantir la s\u00e9curit\u00e9 structurelle et \u00e0 pr\u00e9server la valeur historique du b\u00e2timent.<\/p>\n\n<h3 class=\"wp-block-heading\">\ud83e\udde9 Cadre de notre intervention<\/h3>\n\n<p>C&rsquo;est dans ce contexte de travaux continus sur le b\u00e2timent que s&rsquo;inscrit notre proposition d&rsquo;intervention, qui vise \u00e0 poursuivre les efforts de conservation en int\u00e9grant des solutions techniques modernes, compatibles avec l&rsquo;identit\u00e9 architecturale du b\u00e2timent et ses exigences p\u00e9dagogiques. Notre intervention se veut une contribution respectueuse et efficace, qui garantisse la fonctionnalit\u00e9, l&rsquo;accessibilit\u00e9 et la durabilit\u00e9 du b\u00e2timent, aujourd&rsquo;hui comme demain. <\/p>\n","protected":false},"featured_media":6595,"template":"","fecha-realizacion":[196],"tipo-proyecto":[51],"class_list":["post-6806","proyecto","type-proyecto","status-publish","has-post-thumbnail","hentry","fecha-realizacion-2025-fr","tipo-proyecto-patrimoine"],"acf":[],"_links":{"self":[{"href":"https:\/\/teselainnova.com\/fr\/wp-json\/wp\/v2\/proyecto\/6806","targetHints":{"allow":["GET"]}}],"collection":[{"href":"https:\/\/teselainnova.com\/fr\/wp-json\/wp\/v2\/proyecto"}],"about":[{"href":"https:\/\/teselainnova.com\/fr\/wp-json\/wp\/v2\/types\/proyecto"}],"wp:featuredmedia":[{"embeddable":true,"href":"https:\/\/teselainnova.com\/fr\/wp-json\/wp\/v2\/media\/6595"}],"wp:attachment":[{"href":"https:\/\/teselainnova.com\/fr\/wp-json\/wp\/v2\/media?parent=6806"}],"wp:term":[{"taxonomy":"fecha-realizacion","embeddable":true,"href":"https:\/\/teselainnova.com\/fr\/wp-json\/wp\/v2\/fecha-realizacion?post=6806"},{"taxonomy":"tipo-proyecto","embeddable":true,"href":"https:\/\/teselainnova.com\/fr\/wp-json\/wp\/v2\/tipo-proyecto?post=6806"}],"curies":[{"name":"wp","href":"https:\/\/api.w.org\/{rel}","templated":true}]}}

ÉVALUATION DES MORTIERS, DES TRAITEMENTS HYDROFUGEANTS ET DES BIOCIDES, ET ÉTUDE MICROBIOLOGIQUE EN VUE DE LA RESTAURATION DE LA FAÇADE PRINCIPALE DE L&rsquo;ÉCOLE PRIMAIRE ORIXE ZULOAGA (SAN SÉBASTIAN, PAYS BASQUE)

<p>L&rsquo;Ikastola Orixe, située dans le bâtiment Zuloaga de la rue Aldamar à Saint-Sébastien, constitue un exemple emblématique d&rsquo;intervention architecturale dans un environnement patrimonial, alliant la préservation de la valeur historique à l&rsquo;adaptation aux exigences fonctionnelles d&rsquo;un établissement scolaire contemporain. Ce bâtiment, profondément ancré dans le tissu urbain de la Vieille Ville de Saint-Sébastien, a fait l&rsquo;objet de diverses interventions visant à garantir sa conservation, sa sécurité et son efficacité. </p>

<h3 class="wp-block-heading">🛠️ Informations générales</h3>

<h4 class="wp-block-heading">🏗️ Réhabilitation complète (2004-2007)</h4>

<p>Entre 2004 et 2007, le bâtiment a fait l&rsquo;objet d&rsquo;une importante rénovation complète dirigée par l&rsquo;architecte José Mari Querejeta, dans le but de l&rsquo;adapter pour accueillir une haurreskola et des salles de classe destinées aux enfants âgés de 2 à 7 ans. Les travaux, qui ont respecté les éléments architecturaux d&rsquo;origine, ont représenté un investissement de près de 5 millions d&rsquo;euros, dont 800 000 euros ont été spécifiquement consacrés à la restauration des façades. </p>

<h3 class="wp-block-heading">♻️ Efficacité et amélioration de l&rsquo;assainissement</h3>

<h4 class="wp-block-heading">🧱 Performance dans le bâtiment Urgull (2016)</h4>

<p>Le bâtiment d&rsquo;Urgull, qui fait également partie de l&rsquo;Ikastola Orixe, a été rénové en 2016 afin d&rsquo;améliorer son isolation thermique, d&rsquo;éviter l&rsquo;humidité et d&rsquo;éliminer les éléments contenant de l&rsquo;amiante. Les travaux comprenaient la pose d&rsquo;une nouvelle façade isolante, l&rsquo;imperméabilisation des terrasses et des améliorations de l&rsquo;enveloppe du bâtiment, pour un budget d&rsquo;environ 417 000 euros, financé conjointement par la mairie de Saint-Sébastien et le gouvernement basque. </p>

<h3 class="wp-block-heading">🧱 Restauration récente de la façade</h3>

<h4 class="wp-block-heading">🏛️ Intervention en 2024</h4>

<p>En raison de la détérioration progressive du grès de la façade principale du bâtiment Zuloaga, qui présentait des risques de chute de pierres, une restauration d&rsquo;urgence a été approuvée en 2024. Le projet, élaboré par Zetabi Arkitektura Bulegoa, prévoit des interventions telles que : </p>

<ul class="wp-block-list">
<li>Nettoyage de la pierre</li>



<li>Élimination de la colonisation biotique</li>



<li>Remplacement des joints par du mortier de chaux hydraulique</li>



<li>Réparation des corniches et des boiseries d&rsquo;origine</li>
</ul>

<p>Cette action, dotée d&rsquo;un budget de 376 000 euros et d&rsquo;un délai de réalisation de six mois, vise à garantir la sécurité structurelle et à préserver la valeur historique du bâtiment.</p>

<h3 class="wp-block-heading">🧩 Cadre de notre intervention</h3>

<p>C&rsquo;est dans ce contexte de travaux continus sur le bâtiment que s&rsquo;inscrit notre proposition d&rsquo;intervention, qui vise à poursuivre les efforts de conservation en intégrant des solutions techniques modernes, compatibles avec l&rsquo;identité architecturale du bâtiment et ses exigences pédagogiques. Notre intervention se veut une contribution respectueuse et efficace, qui garantisse la fonctionnalité, l&rsquo;accessibilité et la durabilité du bâtiment, aujourd&rsquo;hui comme demain. </p>
