{"id":6804,"date":"2024-02-28T13:03:00","date_gmt":"2024-02-28T12:03:00","guid":{"rendered":"https:\/\/teselainnova.com\/proyecto\/caracterisation-aride-castillo-velez-blanco\/"},"modified":"2025-07-28T11:39:09","modified_gmt":"2025-07-28T09:39:09","slug":"caracterisation-aride-castillo-velez-blanco","status":"publish","type":"proyecto","link":"https:\/\/teselainnova.com\/fr\/proyecto\/caracterisation-aride-castillo-velez-blanco\/","title":{"rendered":"CARACT\u00c9RISATION MIN\u00c9RALOGIQUE DE DIFF\u00c9RENTS \u00c9CHANTILLONS D&rsquo;AGR\u00c9GATS (CASTILLO DE V\u00c9LEZ-BLANCO)"},"content":{"rendered":"\n<div class=\"wp-block-group is-layout-constrained wp-block-group-is-layout-constrained\">\n<div class=\"wp-block-group is-layout-constrained wp-block-group-is-layout-constrained\">\n<p>Le <strong>ch\u00e2teau de V\u00e9lez-Blanco<\/strong>, situ\u00e9 sur le site d&rsquo;une ancienne citadelle \u00e0 V\u00e9lez-Blanco (Almer\u00eda), est l&rsquo;un des exemples les plus remarquables de l&rsquo;architecture de la premi\u00e8re Renaissance en Espagne. <\/p>\n\n\n\n<p>Le projet a \u00e9t\u00e9 initi\u00e9 par Pedro Fajardo y Chac\u00f3n, premier marquis de Los V\u00e9lez, apr\u00e8s avoir \u00e9t\u00e9 titr\u00e9 par les Rois Catholiques. Il a \u00e9t\u00e9 construit en pierre sur les vestiges de la fortification musulmane, en adaptant des \u00e9l\u00e9ments d\u00e9fensifs tels que le donjon (d&rsquo;environ 20 m de haut) et en les combinant avec une somptueuse architecture palatiale \u00e0 l&rsquo;int\u00e9rieur. <\/p>\n\n\n\n<p>TESELA a collabor\u00e9 avec la direction technique pour la caract\u00e9risation min\u00e9ralogique de diff\u00e9rents \u00e9chantillons d&rsquo;agr\u00e9gats pour la restauration du ch\u00e2teau de V\u00e9lez-Blanco.<\/p>\n<\/div>\n\n\n\n<p>Lien vers des nouvelles d&rsquo;int\u00e9r\u00eat :<\/p>\n\n\n\n<p><a href=\"https:\/\/www.europapress.es\/andalucia\/almeria-00350\/noticia-castillo-velez-blanco-almeria-recuperara-patio-honor-marmol-original-mejoras-estructurales-20250209105048.html\" target=\"_blank\" rel=\"noopener\">Lien 1<\/a><\/p>\n\n\n\n<p><a href=\"https:\/\/www.ideal.es\/almeria\/provincia-almeria\/castillo-velezblanco-principal-inversion-cultura-proximo-ano-20241104134905-nt.html\" target=\"_blank\" rel=\"noopener\">Lien 2<\/a><\/p>\n\n\n\n<p><\/p>\n<\/div>\n","protected":false},"featured_media":6751,"template":"","fecha-realizacion":[143],"tipo-proyecto":[51],"class_list":["post-6804","proyecto","type-proyecto","status-publish","has-post-thumbnail","hentry","fecha-realizacion-2024-fr","tipo-proyecto-patrimoine"],"acf":[],"_links":{"self":[{"href":"https:\/\/teselainnova.com\/fr\/wp-json\/wp\/v2\/proyecto\/6804","targetHints":{"allow":["GET"]}}],"collection":[{"href":"https:\/\/teselainnova.com\/fr\/wp-json\/wp\/v2\/proyecto"}],"about":[{"href":"https:\/\/teselainnova.com\/fr\/wp-json\/wp\/v2\/types\/proyecto"}],"wp:featuredmedia":[{"embeddable":true,"href":"https:\/\/teselainnova.com\/fr\/wp-json\/wp\/v2\/media\/6751"}],"wp:attachment":[{"href":"https:\/\/teselainnova.com\/fr\/wp-json\/wp\/v2\/media?parent=6804"}],"wp:term":[{"taxonomy":"fecha-realizacion","embeddable":true,"href":"https:\/\/teselainnova.com\/fr\/wp-json\/wp\/v2\/fecha-realizacion?post=6804"},{"taxonomy":"tipo-proyecto","embeddable":true,"href":"https:\/\/teselainnova.com\/fr\/wp-json\/wp\/v2\/tipo-proyecto?post=6804"}],"curies":[{"name":"wp","href":"https:\/\/api.w.org\/{rel}","templated":true}]}}

CARACTÉRISATION MINÉRALOGIQUE DE DIFFÉRENTS ÉCHANTILLONS D&rsquo;AGRÉGATS (CASTILLO DE VÉLEZ-BLANCO)

<div class="wp-block-group is-layout-constrained wp-block-group-is-layout-constrained">
<div class="wp-block-group is-layout-constrained wp-block-group-is-layout-constrained">
<p>Le <strong>château de Vélez-Blanco</strong>, situé sur le site d&rsquo;une ancienne citadelle à Vélez-Blanco (Almería), est l&rsquo;un des exemples les plus remarquables de l&rsquo;architecture de la première Renaissance en Espagne. </p>



<p>Le projet a été initié par Pedro Fajardo y Chacón, premier marquis de Los Vélez, après avoir été titré par les Rois Catholiques. Il a été construit en pierre sur les vestiges de la fortification musulmane, en adaptant des éléments défensifs tels que le donjon (d&rsquo;environ 20 m de haut) et en les combinant avec une somptueuse architecture palatiale à l&rsquo;intérieur. </p>



<p>TESELA a collaboré avec la direction technique pour la caractérisation minéralogique de différents échantillons d&rsquo;agrégats pour la restauration du château de Vélez-Blanco.</p>
</div>



<p>Lien vers des nouvelles d&rsquo;intérêt :</p>



<p><a href="https://www.europapress.es/andalucia/almeria-00350/noticia-castillo-velez-blanco-almeria-recuperara-patio-honor-marmol-original-mejoras-estructurales-20250209105048.html" target="_blank" rel="noopener">Lien 1</a></p>



<p><a href="https://www.ideal.es/almeria/provincia-almeria/castillo-velezblanco-principal-inversion-cultura-proximo-ano-20241104134905-nt.html" target="_blank" rel="noopener">Lien 2</a></p>



<p></p>
</div>
