{"id":4155,"date":"2023-02-24T17:50:00","date_gmt":"2023-02-24T16:50:00","guid":{"rendered":"https:\/\/teselainnova.com\/proyecto\/caracterisation-materiaux-resistance-isso-helline-albacete\/"},"modified":"2024-04-16T17:15:08","modified_gmt":"2024-04-16T15:15:08","slug":"caracterisation-materiaux-resistance-isso-helline-albacete","status":"publish","type":"proyecto","link":"https:\/\/teselainnova.com\/fr\/proyecto\/caracterisation-materiaux-resistance-isso-helline-albacete\/","title":{"rendered":"CARACT\u00c9RISATION DES MAT\u00c9RIAUX DE LA FORTERESSE D&rsquo;ISSO \u00c0 HELL\u00cdN (ALBACETE)"},"content":{"rendered":"\n<div class=\"wp-block-columns is-layout-flex wp-container-core-columns-is-layout-28f84493 wp-block-columns-is-layout-flex\">\n<div class=\"wp-block-column is-layout-flow wp-block-column-is-layout-flow\" style=\"flex-basis:66.66%\">\n<p>Pour ce projet, une s\u00e9rie d&rsquo;\u00e9chantillons de mortier provenant de la Fortaleza de Isso \u00e0 Hell\u00edn, Albacete, a \u00e9t\u00e9 analys\u00e9e. Il s&rsquo;agit d&rsquo;un b\u00e2timent andalou construit au 12e si\u00e8cle. Pour l&rsquo;analyse de la composition, de la morphologie et de la texture de ces \u00e9chantillons, les techniques de diffraction des rayons X (XRD) et de microscopie optique polaris\u00e9e (POM) ont \u00e9t\u00e9 utilis\u00e9es.  <\/p>\n\n\n\n<p>Le journal num\u00e9rique ABC rapporte la nouvelle : \u00ab\u00a0Une grande forteresse musulmane dans la r\u00e9gion des Torres de Isso est mise au jour\u00a0\u00bb.<\/p>\n<\/div>\n\n\n\n<div class=\"wp-block-column is-layout-flow wp-block-column-is-layout-flow\" style=\"flex-basis:33.33%\">\n<figure class=\"wp-block-image size-large\"><img decoding=\"async\" width=\"1024\" height=\"595\" src=\"https:\/\/teselainnova.com\/wp-content\/uploads\/2023\/09\/Fortaleza-musulmana-Isso-1024x595.webp\" alt=\"\" class=\"wp-image-2189\" title=\"\" srcset=\"https:\/\/teselainnova.com\/wp-content\/uploads\/2023\/09\/Fortaleza-musulmana-Isso-1024x595.webp 1024w, https:\/\/teselainnova.com\/wp-content\/uploads\/2023\/09\/Fortaleza-musulmana-Isso-300x174.webp 300w, https:\/\/teselainnova.com\/wp-content\/uploads\/2023\/09\/Fortaleza-musulmana-Isso-768x446.webp 768w, https:\/\/teselainnova.com\/wp-content\/uploads\/2023\/09\/Fortaleza-musulmana-Isso-1536x893.webp 1536w, https:\/\/teselainnova.com\/wp-content\/uploads\/2023\/09\/Fortaleza-musulmana-Isso-jpg-webp.webp 1858w\" sizes=\"(max-width: 1024px) 100vw, 1024px\" \/><\/figure>\n<\/div>\n<\/div>\n\n<p><strong>Liens utiles<\/strong><\/p>\n\n<ul class=\"wp-block-list\">\n<li><a href=\"https:\/\/www.abc.es\/espana\/castilla-la-mancha\/abci-sale-gran-fortaleza-musulmana-entorno-torres-isso-201912151249_noticia.html\" target=\"_blank\" rel=\"noopener\">https:\/\/www.abc.es\/espana\/castilla-la-mancha\/abci-sale-gran-fortaleza-musulmana-entorno-torres-isso-201912151249_noticia.html<\/a><\/li>\n<\/ul>\n","protected":false},"featured_media":2191,"template":"","fecha-realizacion":[65],"tipo-proyecto":[51],"class_list":["post-4155","proyecto","type-proyecto","status-publish","has-post-thumbnail","hentry","fecha-realizacion-2023-fr","tipo-proyecto-patrimoine"],"acf":[],"_links":{"self":[{"href":"https:\/\/teselainnova.com\/fr\/wp-json\/wp\/v2\/proyecto\/4155","targetHints":{"allow":["GET"]}}],"collection":[{"href":"https:\/\/teselainnova.com\/fr\/wp-json\/wp\/v2\/proyecto"}],"about":[{"href":"https:\/\/teselainnova.com\/fr\/wp-json\/wp\/v2\/types\/proyecto"}],"wp:featuredmedia":[{"embeddable":true,"href":"https:\/\/teselainnova.com\/fr\/wp-json\/wp\/v2\/media\/2191"}],"wp:attachment":[{"href":"https:\/\/teselainnova.com\/fr\/wp-json\/wp\/v2\/media?parent=4155"}],"wp:term":[{"taxonomy":"fecha-realizacion","embeddable":true,"href":"https:\/\/teselainnova.com\/fr\/wp-json\/wp\/v2\/fecha-realizacion?post=4155"},{"taxonomy":"tipo-proyecto","embeddable":true,"href":"https:\/\/teselainnova.com\/fr\/wp-json\/wp\/v2\/tipo-proyecto?post=4155"}],"curies":[{"name":"wp","href":"https:\/\/api.w.org\/{rel}","templated":true}]}}

CARACTÉRISATION DES MATÉRIAUX DE LA FORTERESSE D&rsquo;ISSO À HELLÍN (ALBACETE)

<div class="wp-block-columns is-layout-flex wp-container-core-columns-is-layout-28f84493 wp-block-columns-is-layout-flex">
<div class="wp-block-column is-layout-flow wp-block-column-is-layout-flow" style="flex-basis:66.66%">
<p>Pour ce projet, une série d&rsquo;échantillons de mortier provenant de la Fortaleza de Isso à Hellín, Albacete, a été analysée. Il s&rsquo;agit d&rsquo;un bâtiment andalou construit au 12e siècle. Pour l&rsquo;analyse de la composition, de la morphologie et de la texture de ces échantillons, les techniques de diffraction des rayons X (XRD) et de microscopie optique polarisée (POM) ont été utilisées.  </p>



<p>Le journal numérique ABC rapporte la nouvelle : « Une grande forteresse musulmane dans la région des Torres de Isso est mise au jour ».</p>
</div>



<div class="wp-block-column is-layout-flow wp-block-column-is-layout-flow" style="flex-basis:33.33%">
<figure class="wp-block-image size-large"><img decoding="async" width="1024" height="595" src="https://teselainnova.com/wp-content/uploads/2023/09/Fortaleza-musulmana-Isso-1024x595.webp" alt="" class="wp-image-2189" title="" srcset="https://teselainnova.com/wp-content/uploads/2023/09/Fortaleza-musulmana-Isso-1024x595.webp 1024w, https://teselainnova.com/wp-content/uploads/2023/09/Fortaleza-musulmana-Isso-300x174.webp 300w, https://teselainnova.com/wp-content/uploads/2023/09/Fortaleza-musulmana-Isso-768x446.webp 768w, https://teselainnova.com/wp-content/uploads/2023/09/Fortaleza-musulmana-Isso-1536x893.webp 1536w, https://teselainnova.com/wp-content/uploads/2023/09/Fortaleza-musulmana-Isso-jpg-webp.webp 1858w" sizes="(max-width: 1024px) 100vw, 1024px" /></figure>
</div>
</div>

<p><strong>Liens utiles</strong></p>

<ul class="wp-block-list">
<li><a href="https://www.abc.es/espana/castilla-la-mancha/abci-sale-gran-fortaleza-musulmana-entorno-torres-isso-201912151249_noticia.html" target="_blank" rel="noopener">https://www.abc.es/espana/castilla-la-mancha/abci-sale-gran-fortaleza-musulmana-entorno-torres-isso-201912151249_noticia.html</a></li>
</ul>
