{"id":3075,"date":"2021-07-21T00:10:00","date_gmt":"2021-07-20T22:10:00","guid":{"rendered":"https:\/\/teselainnova.com\/proyecto\/caracterisation-dome-cathedrale-jaen\/"},"modified":"2021-07-21T00:10:00","modified_gmt":"2021-07-20T22:10:00","slug":"caracterisation-dome-cathedrale-jaen","status":"publish","type":"proyecto","link":"https:\/\/teselainnova.com\/fr\/proyecto\/caracterisation-dome-cathedrale-jaen\/","title":{"rendered":"CARACT\u00c9RISATION DU MAT\u00c9RIAU EN PIERRE DE LA COUPOLE DE LA CATH\u00c9DRALE DE JAEN : \u00c9TUDE DES PROCESSUS DE D\u00c9T\u00c9RIORATION ET \u00c9VALUATION DE LA COMPATIBILIT\u00c9 DES MAT\u00c9RIAUX DE REMPLACEMENT POUR SA RESTAURATION."},"content":{"rendered":"","protected":false},"featured_media":5029,"template":"","fecha-realizacion":[88],"tipo-proyecto":[51],"class_list":["post-3075","proyecto","type-proyecto","status-publish","has-post-thumbnail","hentry","fecha-realizacion-2021-fr","tipo-proyecto-patrimoine"],"acf":[],"_links":{"self":[{"href":"https:\/\/teselainnova.com\/fr\/wp-json\/wp\/v2\/proyecto\/3075","targetHints":{"allow":["GET"]}}],"collection":[{"href":"https:\/\/teselainnova.com\/fr\/wp-json\/wp\/v2\/proyecto"}],"about":[{"href":"https:\/\/teselainnova.com\/fr\/wp-json\/wp\/v2\/types\/proyecto"}],"wp:featuredmedia":[{"embeddable":true,"href":"https:\/\/teselainnova.com\/fr\/wp-json\/wp\/v2\/media\/5029"}],"wp:attachment":[{"href":"https:\/\/teselainnova.com\/fr\/wp-json\/wp\/v2\/media?parent=3075"}],"wp:term":[{"taxonomy":"fecha-realizacion","embeddable":true,"href":"https:\/\/teselainnova.com\/fr\/wp-json\/wp\/v2\/fecha-realizacion?post=3075"},{"taxonomy":"tipo-proyecto","embeddable":true,"href":"https:\/\/teselainnova.com\/fr\/wp-json\/wp\/v2\/tipo-proyecto?post=3075"}],"curies":[{"name":"wp","href":"https:\/\/api.w.org\/{rel}","templated":true}]}}

CARACTÉRISATION DU MATÉRIAU EN PIERRE DE LA COUPOLE DE LA CATHÉDRALE DE JAEN : ÉTUDE DES PROCESSUS DE DÉTÉRIORATION ET ÉVALUATION DE LA COMPATIBILITÉ DES MATÉRIAUX DE REMPLACEMENT POUR SA RESTAURATION.
