{"id":2974,"date":"2023-08-01T23:29:15","date_gmt":"2023-08-01T21:29:15","guid":{"rendered":"https:\/\/teselainnova.com\/proyecto\/caracterisation-materiaux-muralla-puerta-justicia-torre-barba-alhambra-granada\/"},"modified":"2024-08-20T13:50:41","modified_gmt":"2024-08-20T11:50:41","slug":"caracterisation-materiaux-muralla-puerta-justicia-torre-barba-alhambra-granada","status":"publish","type":"proyecto","link":"https:\/\/teselainnova.com\/fr\/proyecto\/caracterisation-materiaux-muralla-puerta-justicia-torre-barba-alhambra-granada\/","title":{"rendered":"CARACT\u00c9RISATION DES MAT\u00c9RIAUX DU MUR ENTRE LA PUERTA DE LA JUSTICIA ET LA TORRE DE LA BARBA (LA ALHAMBRA, GRANADA)"},"content":{"rendered":"\n<p>Para este proyecto se analizaron una serie de muestras de morteros y tapias de tierra de la muralla que se encuentra entre la Puerta de la Justicia y la Torre de la Barba, en la Alhambra de Granada. Se realizaron an\u00e1lisis mediante difracci\u00f3n de rayos X (DRX), microscop\u00eda \u00f3ptica polarizada (MOP) y microscop\u00eda electr\u00f3nica de barrido (SEM) con el objetivo de realizar un estudio composicional, morfol\u00f3gico y textural de dichas muestras, lo que permiti\u00f3 la correcta intervenci\u00f3n de conservaci\u00f3n sobre la muralla.<\/p>\n\n<p>Plusieurs journaux num\u00e9riques, dont GranadaHoy et El Ideal, rapportent la nouvelle : \u00ab\u00a0Le projet est bas\u00e9 sur le respect total des valeurs du complexe, selon le directeur du Patronato\u00a0\u00bb ou \u00ab\u00a0L&rsquo;objectif du projet \u00e9tait de doter le mur des conditions de s\u00e9curit\u00e9 et de fonctionnement n\u00e9cessaires pour \u00e9viter sa d\u00e9t\u00e9rioration\u00a0\u00bb. Cette action est \u00e9galement enregistr\u00e9e dans la section Communication et presse du site web du Patronato de la Alhambra y Generalife. <\/p>\n\n<div class=\"wp-block-columns is-layout-flex wp-container-core-columns-is-layout-28f84493 wp-block-columns-is-layout-flex\">\n<div class=\"wp-block-column is-layout-flow wp-block-column-is-layout-flow\">\n<figure class=\"wp-block-image aligncenter size-large is-resized\"><img decoding=\"async\" width=\"1024\" height=\"334\" src=\"https:\/\/teselainnova.com\/wp-content\/uploads\/2024\/04\/Imagen1-2-1024x334.jpg\" alt=\"\" class=\"wp-image-4876\" style=\"width:702px;height:auto\" title=\"\" srcset=\"https:\/\/teselainnova.com\/wp-content\/uploads\/2024\/04\/Imagen1-2-1024x334.jpg 1024w, https:\/\/teselainnova.com\/wp-content\/uploads\/2024\/04\/Imagen1-2-300x98.jpg 300w, https:\/\/teselainnova.com\/wp-content\/uploads\/2024\/04\/Imagen1-2-768x251.jpg 768w, https:\/\/teselainnova.com\/wp-content\/uploads\/2024\/04\/Imagen1-2-20x7.jpg 20w, https:\/\/teselainnova.com\/wp-content\/uploads\/2024\/04\/Imagen1-2.jpg 1299w\" sizes=\"(max-width: 1024px) 100vw, 1024px\" \/><\/figure>\n\n\n\n<figure class=\"wp-block-image aligncenter size-large is-resized\"><img decoding=\"async\" width=\"1024\" height=\"584\" src=\"https:\/\/teselainnova.com\/wp-content\/uploads\/2024\/04\/Puerta_de_la_Justicia_Tor_der_Rechtssprechung_Alhambra_-_panoramio-1-1024x584.jpg\" alt=\"\" class=\"wp-image-4879\" style=\"width:700px;height:auto\" title=\"\" srcset=\"https:\/\/teselainnova.com\/wp-content\/uploads\/2024\/04\/Puerta_de_la_Justicia_Tor_der_Rechtssprechung_Alhambra_-_panoramio-1-1024x584.jpg 1024w, https:\/\/teselainnova.com\/wp-content\/uploads\/2024\/04\/Puerta_de_la_Justicia_Tor_der_Rechtssprechung_Alhambra_-_panoramio-1-300x171.jpg 300w, https:\/\/teselainnova.com\/wp-content\/uploads\/2024\/04\/Puerta_de_la_Justicia_Tor_der_Rechtssprechung_Alhambra_-_panoramio-1-768x438.jpg 768w, https:\/\/teselainnova.com\/wp-content\/uploads\/2024\/04\/Puerta_de_la_Justicia_Tor_der_Rechtssprechung_Alhambra_-_panoramio-1-20x11.jpg 20w, https:\/\/teselainnova.com\/wp-content\/uploads\/2024\/04\/Puerta_de_la_Justicia_Tor_der_Rechtssprechung_Alhambra_-_panoramio-1.jpg 1200w\" sizes=\"(max-width: 1024px) 100vw, 1024px\" \/><\/figure>\n<\/div>\n<\/div>\n\n<p><\/p>\n\n<p><strong>Liens utiles<\/strong><\/p>\n\n<ul class=\"wp-block-list\">\n<li><a href=\"https:\/\/www.granadahoy.com\/granada\/Alhambra-Puerta-Justicia-Torre-Barba_0_1723928465.html\" target=\"_blank\" rel=\"noopener\">https:\/\/www.granadahoy.com\/granada\/Alhambra-Puerta-Justicia-Torre-Barba_0_1723928465.html<\/a> <\/li>\n\n\n\n<li><a href=\"https:\/\/www.ideal.es\/granada\/finaliza-rehabilitacion-muralla-puerta-justicia-torre-barba-20230323095202-nt.html?ref=https%3A%2F%2Fwww.ideal.es%2Fgranada%2Ffinaliza-rehabilitacion-muralla-puerta-justicia-torre-barba-20230323095202-nt.html\" target=\"_blank\" rel=\"noopener\">https:\/\/www.ideal.es\/granada\/finaliza-rehabilitacion-muralla-puerta-justicia-torre-barba-20230323095202-nt.html?ref=https%3A%2F%2Fwww.ideal.es%2Fgranada%2Ffinaliza-rehabilitacion-muralla-puerta-justicia-torre-barba-20230323095202-nt.html<\/a> <\/li>\n\n\n\n<li><a href=\"https:\/\/www.alhambra-patronato.es\/notas-prensa\/la-alhambra-rehabilita-la-muralla-entre-la-puerta-de-la-justicia-y-la-torre-de-barba\" target=\"_blank\" rel=\"noopener\">https:\/\/www.alhambra-patronato.es\/notas-prensa\/la-alhambra-rehabilita-la-muralla-entre-la-puerta-de-la-justicia-y-la-torre-de-barba<\/a><\/li>\n<\/ul>\n","protected":false},"featured_media":5652,"template":"","fecha-realizacion":[65],"tipo-proyecto":[51],"class_list":["post-2974","proyecto","type-proyecto","status-publish","has-post-thumbnail","hentry","fecha-realizacion-2023-fr","tipo-proyecto-patrimoine"],"acf":[],"_links":{"self":[{"href":"https:\/\/teselainnova.com\/fr\/wp-json\/wp\/v2\/proyecto\/2974","targetHints":{"allow":["GET"]}}],"collection":[{"href":"https:\/\/teselainnova.com\/fr\/wp-json\/wp\/v2\/proyecto"}],"about":[{"href":"https:\/\/teselainnova.com\/fr\/wp-json\/wp\/v2\/types\/proyecto"}],"wp:featuredmedia":[{"embeddable":true,"href":"https:\/\/teselainnova.com\/fr\/wp-json\/wp\/v2\/media\/5652"}],"wp:attachment":[{"href":"https:\/\/teselainnova.com\/fr\/wp-json\/wp\/v2\/media?parent=2974"}],"wp:term":[{"taxonomy":"fecha-realizacion","embeddable":true,"href":"https:\/\/teselainnova.com\/fr\/wp-json\/wp\/v2\/fecha-realizacion?post=2974"},{"taxonomy":"tipo-proyecto","embeddable":true,"href":"https:\/\/teselainnova.com\/fr\/wp-json\/wp\/v2\/tipo-proyecto?post=2974"}],"curies":[{"name":"wp","href":"https:\/\/api.w.org\/{rel}","templated":true}]}}

CARACTÉRISATION DES MATÉRIAUX DU MUR ENTRE LA PUERTA DE LA JUSTICIA ET LA TORRE DE LA BARBA (LA ALHAMBRA, GRANADA)

<p>Para este proyecto se analizaron una serie de muestras de morteros y tapias de tierra de la muralla que se encuentra entre la Puerta de la Justicia y la Torre de la Barba, en la Alhambra de Granada. Se realizaron análisis mediante difracción de rayos X (DRX), microscopía óptica polarizada (MOP) y microscopía electrónica de barrido (SEM) con el objetivo de realizar un estudio composicional, morfológico y textural de dichas muestras, lo que permitió la correcta intervención de conservación sobre la muralla.</p>

<p>Plusieurs journaux numériques, dont GranadaHoy et El Ideal, rapportent la nouvelle : « Le projet est basé sur le respect total des valeurs du complexe, selon le directeur du Patronato » ou « L&rsquo;objectif du projet était de doter le mur des conditions de sécurité et de fonctionnement nécessaires pour éviter sa détérioration ». Cette action est également enregistrée dans la section Communication et presse du site web du Patronato de la Alhambra y Generalife. </p>

<div class="wp-block-columns is-layout-flex wp-container-core-columns-is-layout-28f84493 wp-block-columns-is-layout-flex">
<div class="wp-block-column is-layout-flow wp-block-column-is-layout-flow">
<figure class="wp-block-image aligncenter size-large is-resized"><img decoding="async" width="1024" height="334" src="https://teselainnova.com/wp-content/uploads/2024/04/Imagen1-2-1024x334.jpg" alt="" class="wp-image-4876" style="width:702px;height:auto" title="" srcset="https://teselainnova.com/wp-content/uploads/2024/04/Imagen1-2-1024x334.jpg 1024w, https://teselainnova.com/wp-content/uploads/2024/04/Imagen1-2-300x98.jpg 300w, https://teselainnova.com/wp-content/uploads/2024/04/Imagen1-2-768x251.jpg 768w, https://teselainnova.com/wp-content/uploads/2024/04/Imagen1-2-20x7.jpg 20w, https://teselainnova.com/wp-content/uploads/2024/04/Imagen1-2.jpg 1299w" sizes="(max-width: 1024px) 100vw, 1024px" /></figure>



<figure class="wp-block-image aligncenter size-large is-resized"><img decoding="async" width="1024" height="584" src="https://teselainnova.com/wp-content/uploads/2024/04/Puerta_de_la_Justicia_Tor_der_Rechtssprechung_Alhambra_-_panoramio-1-1024x584.jpg" alt="" class="wp-image-4879" style="width:700px;height:auto" title="" srcset="https://teselainnova.com/wp-content/uploads/2024/04/Puerta_de_la_Justicia_Tor_der_Rechtssprechung_Alhambra_-_panoramio-1-1024x584.jpg 1024w, https://teselainnova.com/wp-content/uploads/2024/04/Puerta_de_la_Justicia_Tor_der_Rechtssprechung_Alhambra_-_panoramio-1-300x171.jpg 300w, https://teselainnova.com/wp-content/uploads/2024/04/Puerta_de_la_Justicia_Tor_der_Rechtssprechung_Alhambra_-_panoramio-1-768x438.jpg 768w, https://teselainnova.com/wp-content/uploads/2024/04/Puerta_de_la_Justicia_Tor_der_Rechtssprechung_Alhambra_-_panoramio-1-20x11.jpg 20w, https://teselainnova.com/wp-content/uploads/2024/04/Puerta_de_la_Justicia_Tor_der_Rechtssprechung_Alhambra_-_panoramio-1.jpg 1200w" sizes="(max-width: 1024px) 100vw, 1024px" /></figure>
</div>
</div>

<p></p>

<p><strong>Liens utiles</strong></p>

<ul class="wp-block-list">
<li><a href="https://www.granadahoy.com/granada/Alhambra-Puerta-Justicia-Torre-Barba_0_1723928465.html" target="_blank" rel="noopener">https://www.granadahoy.com/granada/Alhambra-Puerta-Justicia-Torre-Barba_0_1723928465.html</a> </li>



<li><a href="https://www.ideal.es/granada/finaliza-rehabilitacion-muralla-puerta-justicia-torre-barba-20230323095202-nt.html?ref=https%3A%2F%2Fwww.ideal.es%2Fgranada%2Ffinaliza-rehabilitacion-muralla-puerta-justicia-torre-barba-20230323095202-nt.html" target="_blank" rel="noopener">https://www.ideal.es/granada/finaliza-rehabilitacion-muralla-puerta-justicia-torre-barba-20230323095202-nt.html?ref=https%3A%2F%2Fwww.ideal.es%2Fgranada%2Ffinaliza-rehabilitacion-muralla-puerta-justicia-torre-barba-20230323095202-nt.html</a> </li>



<li><a href="https://www.alhambra-patronato.es/notas-prensa/la-alhambra-rehabilita-la-muralla-entre-la-puerta-de-la-justicia-y-la-torre-de-barba" target="_blank" rel="noopener">https://www.alhambra-patronato.es/notas-prensa/la-alhambra-rehabilita-la-muralla-entre-la-puerta-de-la-justicia-y-la-torre-de-barba</a></li>
</ul>
